 d be a(2). Let q be d/(-4)*(-32)/(-12). Suppose w + 11 = 3*p + 3*w, q*w + 8 = 0. What is the units digit of p?
5
Let y(j) = -j**2 + 2*j - 3. Let p be y(-4). Let f = 0 - p. What is the tens digit of f?
2
Suppose 4*l = -5*o + 6*o + 964, -3*l - o + 716 = 0. What is the units digit of l?
0
Suppose -2 = -b + 2*b. What is the units digit of (6 + b)/1 + -3?
1
Suppose -4*x = -x + 4*n - 23, 0 = -2*x - 5*n + 20. Suppose -14 - 6 = -x*g. What is the units digit of g?
4
Suppose -5*k = -2*x - 3*x - 5, 2 = 5*k - 2*x. Let j be (0 + k)/(1 + 1). Suppose j = 4*y - 28 - 52. What is the tens digit of y?
2
Suppose 0 = -5*o + 3*k - 0*k + 1663, -2*k + 8 = 0. What is the tens digit of o?
3
Let m be 1362/90 + 6/(-45). Suppose 2*z - 2 = z. Let o = m - z. What is the units digit of o?
3
Let w(d) = -d**2 + 4*d + 4. Let r be w(5). Let t be -6*(2 - 1)*r. What is the units digit of (-1 - -3)*33/t?
1
Let a(t) = -t**2 - 5*t - 4. Suppose 3*s = 6*s + 6. Let p be (-3)/(((-4)/2)/s). What is the units digit of a(p)?
2
What is the tens digit of -1 + -1 + (-27)/(-1)?
2
Let u(n) = 2*n**2 - 3*n + 4. Suppose 0 = o + o - 18. Suppose -5*b = -6 - o. What is the units digit of u(b)?
3
Let m(d) = -d**2 - d + 1. Let p be m(-1). Let b = p - -6. What is the units digit of b?
7
Suppose -31 = -f + 34. What is the tens digit of f?
6
What is the tens digit of (-2106)/(-21) - 2*3/21?
0
Suppose -5*z + 1 = 11, g = -3*z + 29. What is the tens digit of g?
3
Let y(x) = -x**2 + 14*x - 13. Let r be y(13). Suppose r = 6*l - l - 20. What is the units digit of l?
4
Suppose 2*l - 3 = 3*l - b, -3*b - 5 = -l. Let y = -5 + 2. Let q = y - l. What is the units digit of q?
4
Let i = 54 - 19. What is the tens digit of i?
3
Let h(z) = -z**2 - 4*z + 1. Let w be h(-3). Let g(m) = -17*m - 56. Let n be g(-8). Suppose 4*b - n = w*v - 0*v, 5*v + 4 = -b. What is the tens digit of b?
1
Let i(f) = 14*f + 15. What is the units digit of i(5)?
5
Let z = -18 + 31. Suppose 18*a - 105 = z*a. What is the tens digit of a?
2
Let d(h) = -90*h + 7. What is the units digit of d(-3)?
7
Let l = -68 - -163. What is the tens digit of l?
9
Let j = -3 - 0. Let s be 3/(-2)*4/j. Suppose -13 = -n - 4*k, 31 = 4*n - 3*k - s. What is the units digit of n?
9
Suppose -7*m + 1633 = 317. What is the hundreds digit of m?
1
Suppose 4*c - 489 = -117. What is the tens digit of c?
9
Let n(j) = -2*j**2 - j + 2. Let q be n(-4). Let d = -45 - q. Let y = d + 35. What is the units digit of y?
6
Let s(f) = f + 15. Let u be s(-11). What is the units digit of (u/6)/((-1)/(-3))?
2
Let p(s) = -s + 2. Let h be p(-3). Suppose 0 = -h*z - 25 + 100. What is the units digit of z?
5
Suppose -9*q + 588 = -3*q. What is the units digit of q?
8
Let s = -18 + 31. What is the units digit of s?
3
Let k = 19 - -21. What is the units digit of k?
0
Suppose 81 = 7*b - 45. What is the units digit of 3*(-4)/b*-66?
4
What is the tens digit of (0 - 29)*-1 + -3?
2
Let k be (1 - 1) + (1 - 0). Suppose -t + k = -0. Suppose 2*m - 7 = -t. What is the units digit of m?
3
Let m(j) = 15*j. Let r be m(4). Suppose 0*b = 5*n - b - r, 0 = -4*n + b + 47. What is the units digit of n?
3
Let m be -3 + (-5)/(5/(-6)). What is the tens digit of (m - -1)*11/2?
2
Suppose -3*k + 41 + 22 = 0. Let z = 30 - k. What is the units digit of z?
9
Let d(q) = 2*q**2 + 8*q + 10. Let x be d(-4). What is the tens digit of (84/x)/((-15)/(-50))?
2
What is the units digit of 183*((-10)/3 + 4)?
2
Suppose -2*u - 5*x + 7 = 0, 4*u + 4*x = 2*x + 38. Suppose -5*n = -u - 24. What is the units digit of n?
7
Let a(x) = x**3 - 7*x**2 - 8*x + 9. Let n be (1 + 6)*(-5 - -7). Let c = n - 6. What is the units digit of a(c)?
9
Suppose 2 = -2*g + 4*g. Let a = g - -4. Suppose 4*w = -a*q + 51, -3*q + 16 = 4*w - 21. What is the units digit of q?
7
Let l = 4 + 21. What is the units digit of l?
5
Suppose -5*o + o + 176 = 0. What is the units digit of o?
4
Let b = -16 + -27. Let l = b + 85. What is the units digit of l?
2
Let s(q) = -q**3 + 7*q**2 + 8*q + 8. What is the units digit of s(7)?
4
Suppose b + 3*d - 6 = 4*b, 0 = -2*b + 5*d - 10. Suppose b = -4*t - 2*n + 64, -18 = -2*t - 3*n + 6. What is the units digit of 8/12*(t - 0)?
2
Let m(v) = -3*v + 4. Let a be m(3). Suppose 4*o + 4*j = -j - 52, -5*o = -2*j + 32. Let x = a - o. What is the units digit of x?
3
Suppose -2*n - 66 = -0*v + v, -v - 171 = 5*n. Let w = n - -59. What is the units digit of w?
4
Suppose u - 45 = -0*u. What is the tens digit of u?
4
Suppose 0 = -2*u + 2*z + 2 + 18, -5*z - 45 = -4*u. Let n = u - 3. What is the tens digit of n/6 - (-203)/21?
1
Let a(w) = 3*w**2 + 8*w + 2. Let y(j) = 4*j**2 + 9*j + 2. Let h(b) = -5*a(b) + 4*y(b). What is the tens digit of h(6)?
1
Suppose -6*p = -p + 30. What is the units digit of (p/5)/(12/(-30))?
3
Let c = 39 - -1. What is the units digit of c?
0
Let o = 527 - 200. What is the units digit of o?
7
Let k(v) be the second derivative of -5*v**3/3 - 2*v**2 - 2*v. Let a be k(-3). What is the units digit of 2/(-6) + a/6?
4
Suppose t - 5*x = 115, 109 = 4*t + 4*x - 231. What is the units digit of t?
0
Suppose -20 - 15 = -5*y. Let z(o) = 28*o**2 + 4*o + 3. Let w be z(-2). Suppose -w = -5*r - y. What is the tens digit of r?
2
Let x be -2*((0 - 3) + -2). Let l(o) = o**3 - 10*o**2 + o - 4. What is the units digit of l(x)?
6
Suppose -v - 3 = 3*k, k = 3*k + 5*v + 15. Let m be 3/(0 - (-1 + k)). Suppose 11 = m*z - 22. What is the tens digit of z?
1
Suppose -4*f - 6*t + 64 = -4*t, -68 = -4*f - 3*t. What is the tens digit of f?
1
Let u(c) = c**3 - 6*c**2 + 4*c + 2. What is the units digit of u(6)?
6
Let r(i) = i**2 - i + 2. What is the tens digit of r(4)?
1
Let i(t) = -t**3 + 13*t**2 + 14*t - 21. What is the tens digit of i(13)?
6
Let i be 3/(-12) + 9/4. Suppose i*h - h = 0. Suppose h*k - k = -13. What is the tens digit of k?
1
Suppose -s + 1 = -3*s + b, s - 5*b - 4 = 0. Let l = 0 - s. Suppose -2*i + 5 = -l. What is the units digit of i?
3
Suppose -5*r = -6 - 9. Let h be 30/2*(1 - -1). Suppose -50 = -5*g + 5*v, -r*v = g + g - h. What is the tens digit of g?
1
Suppose -2*d - 2 = 0, 5*d = 4*w + w - 615. Let t = w - 82. Suppose 4*m + t = 4*n, -4*n = m - 56 + 1. What is the units digit of n?
3
Let r be 3 + 1*(3 + -2). Suppose 10 = f - r*d, 3*f = -2*d - d. What is the units digit of f?
2
Let w be (-84)/16 - 2/(-8). Let x(p) = p**2 + 3*p - 4. What is the units digit of x(w)?
6
Let r(f) = -2*f - 2. Let v be -3 - -2 - (0 + -3). Let c be r(v). Let l = -2 - c. What is the units digit of l?
4
Let w(v) = -v**2 - 7*v - 4. Let z be w(-5). Let y(m) = m**2 - 6*m - 2. Let k be y(7). Suppose 0 = a - z - k. What is the units digit of a?
1
Suppose -d = -j - 95, -2*d + 189 = 2*j + 7. What is the tens digit of d?
9
Let g(h) = h**2 - 4*h - 6. Let j be g(5). Let c = -2 - j. What is the tens digit of ((-2)/((-6)/(-45)))/c?
1
Suppose -4*y + 146 - 10 = 0. What is the units digit of y?
4
Let j(a) = -a**3 - 4*a**2 + 4*a + 8. Let q(c) = 4*c**3 + 15*c**2 - 16*c - 32. Let l(h) = -9*j(h) - 2*q(h). What is the tens digit of l(-6)?
1
Let f(w) = 5*w**2 - 3*w - 2. Let s(j) = -9*j**2 + 6*j + 3. Let q(b) = -7*f(b) - 4*s(b). What is the units digit of q(4)?
6
Suppose -395 = 6*a - 11*a. What is the units digit of a?
9
Suppose 75 = 5*m - 0*m. Suppose 4*i - m = -3. What is the units digit of i?
3
Let j be ((-1)/(-2))/((-3)/18). Let z(o) be the first derivative of o**3/3 - 3*o**2/2 - 4*o - 4. What is the tens digit of z(j)?
1
Suppose -2 = c + 5. Let p(h) = -h**3 - 8*h**2 - 8*h + 2. What is the units digit of p(c)?
9
Suppose -423 = -4*z + w, -3*z + 2*z - 4*w = -93. What is the tens digit of z?
0
Suppose -15*r = -13*r - 118. What is the units digit of r?
9
Let w(i) = i**3 + 7*i**2 - 8*i - 2. Let g be w(-8). Let f be ((-76)/(-6))/(g/(-3)). Let b = f + -10. What is the units digit of b?
9
Suppose -7*g = -11*g - 28. Let o(v) = 2*v**2 + 9*v - 10. What is the units digit of o(g)?
5
Suppose y = -2*y + 180. What is the tens digit of y?
6
Suppose 2*r + 2*r = 24. Suppose -6 = -3*i + r. Suppose 12 = 2*w + i. What is the units digit of w?
4
Suppose 0 = -2*j + 114 + 70. What is the tens digit of j?
9
Let x = -22 - -41. What is the tens digit of x?
1
Let s(c) = -2*c - 5. Let b be s(-4). Suppose -2*y + w = -63, b*w + 2*w + 36 = y. What is the units digit of y?
1
Let q be 35/(3 + 2/(-1)). Suppose 5*f = 65 + q. What is 